238362578?
7
What is the millions digit of 272229581?
2
What is the ten millions digit of 38445238?
3
What is the tens digit of 44004315?
1
What is the tens digit of 72844031?
3
What is the ten thousands digit of 25726069?
2
What is the tens digit of 122984583?
8
What is the millions digit of 2139146611?
9
What is the hundreds digit of 3873730995?
9
What is the millions digit of 74722530?
4
What is the units digit of 43495506?
6
What is the tens digit of 80365639?
3
What is the ten millions digit of 350921893?
5
What is the units digit of 469777795?
5
What is the ten millions digit of 13175345?
1
What is the ten millions digit of 1139117966?
3
What is the units digit of 12921831?
1
What is the units digit of 505518426?
6
What is the units digit of 453572908?
8
What is the ten millions digit of 26918453?
2
What is the tens digit of 1667264881?
8
What is the thousands digit of 6700153261?
3
What is the millions digit of 7586319?
7
What is the tens digit of 2236122980?
8
What is the hundred thousands digit of 618820681?
8
What is the thousands digit of 7230399?
0
What is the thousands digit of 27283645?
3
What is the millions digit of 2817934092?
7
What is the billions digit of 2076746182?
2
What is the hundreds digit of 471234403?
4
What is the tens digit of 23776893?
9
What is the hundreds digit of 793689462?
4
What is the millions digit of 238017514?
8
What is the hundred thousands digit of 27042751?
0
What is the tens digit of 3130733?
3
What is the billions digit of 1187351728?
1
What is the millions digit of 1377001092?
7
What is the units digit of 99182390?
0
What is the tens digit of 31998310?
1
What is the units digit of 112990892?
2
What is the hundred thousands digit of 1188107868?
1
What is the ten millions digit of 216731945?
1
What is the units digit of 176354224?
4
What is the units digit of 52964189?
9
What is the hundreds digit of 17670582?
5
What is the hundred thousands digit of 785751157?
7
What is the units digit of 2906600?
0
What is the hundred thousands digit of 80427201?
4
What is the thousands digit of 87517280?
7
What is the hundred thousands digit of 101238397?
2
What is the millions digit of 743822799?
3
What is the units digit of 2377979657?
7
What is the millions digit of 76806310?
6
What is the ten thousands digit of 1460246470?
4
What is the hundred thousands digit of 35638382?
6
What is the ten millions digit of 241742325?
4
What is the thousands digit of 22640602?
0
What is the tens digit of 51564684?
8
What is the hundred thousands digit of 574830009?
8
What is the hundred millions digit of 186150266?
1
What is the tens digit of 90241043?
4
What is the tens digit of 33224309?
0
What is the hundreds digit of 502453601?
6
What is the tens digit of 9092105?
0
What is the units digit of 65978472?
2
What is the ten thousands digit of 2206015793?
1
What is the billions digit of 2331091061?
2
What is the hundred thousands digit of 399483353?
4
What is the ten thousands digit of 731136968?
3
What is the ten millions digit of 2679829697?
7
What is the millions digit of 20543413?
0
What is the hundreds digit of 404366795?
7
What is the ten millions digit of 779875108?
7
What is the units digit of 702994300?
0
What is the units digit of 63658655?
5
What is the thousands digit of 3294982352?
2
What is the hundred thousands digit of 186275945?
2
What is the thousands digit of 402951952?
1
What is the units digit of 1591398163?
3
What is the ten thousands digit of 18281489?
8
What is the ten millions digit of 13223298?
1
What is the ten thousands digit of 6849500?
4
What is the hundred thousands digit of 1809226145?
2
What is the hundred millions digit of 180718485?
1
What is the ten millions digit of 658316853?
5
What is the hundred thousands digit of 95519385?
5
What is the units digit of 2013749034?
4
What is the hundred thousands digit of 23365035?
3
What is the hundred thousands digit of 8087890029?
8
What is the millions digit of 1706376729?
6
What is the hundred thousands digit of 74653893?
6
What is the millions digit of 2452522463?
2
What is the millions digit of 7346363199?
6
What is the ten thousands digit of 302451817?
5
What is the hundred thousands digit of 1633048022?
0
What is the thousands digit of 799719126?
9
What is the tens digit of 5680599239?
3
What is the millions digit of 6031545854?
1
What is the millions digit of 57097480?
7
What is the hundred thousands digit of 204949651?
9
What is the units digit of 489000241?
1
What is the units digit of 30452860?
0
What is the millions digit of 26964226?
6
What is the millions digit of 2466744339?
6
What is the tens digit of 673855135?
3
What is the tens digit of 16881505?
0
What is the hundreds digit of 652431626?
6
What is the thousands digit of 537548367?
8
What is the thousands digit of 3223977749?
7
What is the ten thousands digit of 1524611270?
1
What is the units digit of 35865600?
0
What is the thousands digit of 126527544?
7
What is the hundred thousands digit of 5279938?
2
What is the units digit of 152598868?
8
What is the tens digit of 214382855?
5
What is the hundreds digit of 983928497?
4
What is the millions digit of 2569968471?
9
What is the hundred thousands digit of 539230576?
2
What is the tens digit of 690151418?
1
What is the units digit of 180411740?
0
What is the tens digit of 4202904?
0
What is the hundred thousands digit of 1387676775?
6
What is the millions digit of 484055190?
4
What is the billions digit of 5061372565?
5
What is the ten millions digit of 254508663?
5
What is the units digit of 171265300?
0
What is the tens digit of 335767527?
2
What is the units digit of 16838619?
9
What is the thousands digit of 3554497146?
7
What is the thousands digit of 5010266960?
6
What is the units digit of 1938541236?
6
What is the ten thousands digit of 46675486?
7
What is the hundreds digit of 743809072?
0
What is the hundreds digit of 51796783?
7
What is the hundred thousands digit of 99633818?
6
What is the hundred thousands digit of 32496119?
4
What is the hundred thousands digit of 2041415516?
4
What is the ten millions digit of 3477607941?
7
What is the units digit of 1619077570?
0
What is the ten thousands digit of 219601240?
0
What is the ten thousands digit of 111129455?
2
What is the ten thousands digit of 3069126617?
2
What is the ten thousands digit of 198302493?
0
What is the millions digit of 36716788?
6
What is the thousands digit of 2195178515?
8
What is the thousands digit of 74031945?
1
What is the tens digit of 164856420?
2
What is the hundred millions digit of 280084038?
2
What is the hundred millions digit of 4733927391?
7
What is the hundreds digit of 448919429?
4
What is the hundreds digit of 49366128?
1
What is the ten millions digit of 698057914?
9
What is the tens digit of 1842840361?
6
What is the hundreds digit of 2803801423?
4
What is the tens digit of 572535841?
4
What is the billions digit of 1138900327?
1
What is the units digit of 51632099?
9
What is the ten millions digit of 366803904?
6
What is the hundred millions digit of 217401887?
2
What is the millions digit of 3858052?
3
What is the hundred thousands digit of 32829427?
8
What is the hundreds digit of 93967669?
6
What is the hundreds digit of 6982801290?
2
What is the hundred millions digit of 464127389?
4
What is the billions digit of 1073324024?
1
What is the hundred thousands digit of 4188470?
1
What is the ten millions digit of 1348939817?
4
What is the hundreds digit of 28642907?
9
What is the millions digit of 82637801?
2
What is the hundred thousands digit of 471323754?
3
What is the ten millions digit of 347756517?
4
What is the millions digit of 99336665?
9
What is the hundred thousands digit of 416436308?
4
What is the millions digit of 56284950?
6
What is the hundred thousands digit of 81640300?
6
What is the hundred millions digit of 497112213?
4
What is the hundred thousands digit of 466948586?
9
What is the ten millions digit of 79408236?
7
What is the hundred thousands digit of 73311623?
3
What is the hundreds digit of 67984800?
8
What is the millions digit of 566351011?
6
What is the thousands digit of 1433983392?
3
What is the millions digit of 91214935?
1
What is the ten millions digit of 80338927?
8
What is the millions digit of